 - 29, 2*d - 15 = -3*r + l. What is the greatest common factor of r and 15?
3
Suppose 0 = -t - 84 + 628. Let v(w) = w**3 + 50*w**2 - 207*w + 520. Let c be v(-54). What is the greatest common factor of t and c?
34
Let a = 578 + -245. Let y = 356 - a. What is the highest common divisor of 92 and y?
23
Suppose 56 = 19*j - 15*j. Let q(c) = c**2 - 16*c + 35. Let w be q(j). Calculate the greatest common divisor of w and 49.
7
Let x(v) = v**2 + 22*v + 98. Let n be x(-16). What is the highest common divisor of 19 and n?
1
Let o(i) = -13*i + 3. Let x be o(-5). Suppose 1502*q = 1478*q + 1632. What is the greatest common factor of x and q?
68
Suppose 19*k - 13*k = 330. Let b = k + 2. Calculate the greatest common divisor of b and 399.
57
Suppose 0 = 2*b + 7*b - 513. Let p be (1 + -4)/(b/(-380)). Let r be (-1)/((-1)/2) + 3. Calculate the greatest common divisor of r and p.
5
Suppose -4*c + 24268 = -4*n, c - 6061 = -65*n + 69*n. What is the highest common factor of c and 21?
21
Let z = 510 - 227. Let f = z + -227. What is the highest common factor of 8 and f?
8
Let z(x) = 9*x - 219. Suppose 1032 = 20*c + 252. Let d be z(c). What is the highest common factor of 22 and d?
22
Let t be (18 - 6981/390) + (-509)/(-10). What is the highest common divisor of 129 and t?
3
Let h(l) = l**3 + 5*l**2 + l - 16. Let a be h(2). What is the highest common divisor of a and 1351?
7
Let u = -5731 - -5742. What is the highest common divisor of 10571 and u?
11
Let u(f) = 10*f + 42. Let l be u(-3). Suppose -236 = -6*z + 580. What is the highest common divisor of z and l?
4
Let b be (-3)/(-39) - 1103366/(-286). Calculate the highest common divisor of 6 and b.
6
Let x(a) = 64*a**2 + 805*a - 14. Let m be x(-17). Calculate the highest common factor of 12 and m.
3
Suppose -1189*s + 1701 = -1180*s. What is the greatest common factor of 1344 and s?
21
Let o = 10 - 4. Let m be (1532/1149)/((-2)/(-3)). Calculate the greatest common factor of m and o.
2
Let c = 45 - 25. Let r(l) = -l**2 - 37*l - 185. Let m be r(-12). Calculate the greatest common divisor of m and c.
5
Let o(k) = -3 - 10 - k - 15 + 5. Let z be o(-23). Let u be 1/(-2)*-78 + z. What is the highest common factor of u and 13?
13
Let a = -4850 - -4858. Calculate the greatest common factor of a and 972.
4
Let w = -3629 + 3682. What is the greatest common divisor of w and 477?
53
Let c = 20052 + -18042. What is the highest common factor of c and 1742?
134
Let y = -115 + 101. Let r be 4/(((-16)/(-28))/((-636)/y)). What is the highest common factor of 6 and r?
6
Let h = 7550 + -3931. What is the highest common divisor of h and 154?
77
Let o be -2 + 0 - 2*-313. Suppose 1246*l + 1190*l + 2223 = 2493*l. What is the greatest common divisor of l and o?
39
Let f be (620/(-12) + -2)/((-104)/312). Suppose 0 = n + 3*b + 7, -n = -0*n + 2*b + 4. Suppose 36 = n*h - 10. Calculate the greatest common divisor of f and h.
23
Let i = -3498 - -3557. Calculate the greatest common divisor of 6077 and i.
59
Let w be ((-34)/5 + -1)/(120/(-3800)). What is the greatest common factor of w and 171?
19
Suppose i = 4*q - 32, 4*q + 899 = 959. Suppose -5*a - 35 = x + 9, 4*a - 4 = 0. Let u = x - -105. Calculate the greatest common factor of i and u.
28
Suppose 92*a - 93*a = -46. What is the greatest common factor of 3358 and a?
46
Suppose -3*b - 3 = b - 3*q, 0 = 3*b + 2*q - 19. Suppose -59 = -2*h - 3*n + 25, -4*n + 124 = b*h. Calculate the highest common divisor of 27 and h.
9
Let g be 6/(-9)*3 + 92. Let k be (13 - 12)/11 + (-21)/(-11) + 38. What is the highest common factor of k and g?
10
Suppose -16108 = -13*x + 2846. What is the highest common divisor of x and 378?
54
Suppose 510*s - 499*s - 418 = 0. Calculate the greatest common divisor of 298 and s.
2
Suppose -21 + 23 = i. Suppose 10*c = 5*c - 15, 0 = i*v - 2*c - 230. Suppose -o + 28 = -0*o. What is the highest common factor of o and v?
28
Let v = 86 - -62. Suppose -4*s - 5*l + 170 = s, -v = -4*s + 2*l. What is the greatest common divisor of 243 and s?
9
Suppose 3*a = h - 78 + 24, 0 = 3*h - 2*a - 134. Suppose -2*k + 4*y = -4*k + h, y = -3*k + 38. Calculate the greatest common divisor of 539 and k.
11
Suppose 9911 = -49*t + 60*t. What is the highest common factor of t and 17?
17
Let p be (-34*20/30)/(8/(-12)). What is the highest common factor of 4624 and p?
34
Let j be 4820/(-180) - 6/27. Let z be (252/j)/((-6)/225). Calculate the highest common factor of 20 and z.
10
Suppose 767*w = 759*w + 3904. Calculate the highest common divisor of w and 61.
61
Let j be (-32796)/30*10/(-6) + -2. What is the highest common factor of j and 210?
70
Let z be 5/2 + 1 + 275/10 - -5. What is the greatest common divisor of 6816 and z?
12
Let c = -4453 + 6277. Calculate the highest common divisor of c and 72.
24
Let p be (0 + -10)*(-682)/220. Suppose -3*m + 46 = 5*v, -3*m + p - 1 = 3*v. Calculate the highest common factor of v and 248.
8
Suppose -2*q + 4*q - 126 = -2*j, 5*q - 306 = -2*j. Suppose -2623 = -32*h + 2369. Calculate the highest common divisor of q and h.
12
Suppose 206887 - 43755 = 30*b - 146468. What is the highest common divisor of b and 120?
120
Let d = 83 - 98. Let i(n) = -n**2 - 5*n + 201. Let g be i(d). Calculate the greatest common divisor of 561 and g.
51
Let u(h) = 2*h**2 - 2*h - 3. Suppose 2*d = d - 3. Let k be u(d). Suppose -w + 2 = -166. Calculate the greatest common divisor of k and w.
21
Suppose -18280 = -324*o - 1751 - 1949. Suppose 0*d - d + 10 = 0. Let v = d - 5. Calculate the greatest common divisor of o and v.
5
Let j(h) = -h**2 - 4*h + 13*h - 10 + 4*h. Let s be j(3). What is the greatest common divisor of 25 and s?
5
Let y be 4/(-32)*-186 + 5/(-20). Suppose 3124 = y*u - u. Calculate the greatest common factor of u and 355.
71
Let h(s) = -593*s + 4812. Let x be h(4). Calculate the highest common factor of x and 2074.
122
Suppose -18210 = -42*s - 29*s + 26875. Calculate the greatest common divisor of 30 and s.
5
Let t(f) = -f + 21. Let d(n) = 42 - 4*n - 21 + 3*n. Let x(h) = -3*d(h) + 4*t(h). Let p be x(9). What is the highest common factor of 18 and p?
6
Let o be 5*(-2)/50*4*-1225. Calculate the greatest common divisor of o and 3.
1
Suppose -x + 4*s - 2 + 12 = 0, -4*x + 16 = -4*s. Suppose 0 = 3*f - m - 104, -22 = x*f + 5*m - 80. Calculate the highest common factor of 17 and f.
17
Let f = 38610 + -33364. What is the greatest common factor of f and 516?
86
Suppose -3*j + 39 = 0, 100*o - 98*o - 5*j = 79. Let t be ((-54)/8)/((-9)/336). Calculate the highest common divisor of o and t.
36
Suppose -33*c + 42*c = 1449. Suppose -c = -3*y + 139. Let d = -15 - -35. Calculate the greatest common divisor of y and d.
20
Suppose 85*u - 81*u - 412 = 0. Suppose -98*m = -u*m + 490. What is the greatest common factor of m and 343?
49
Let w be 98/(2/1) + 15/(-5). Suppose 10*l = w - 16. Calculate the highest common divisor of l and 57.
3
Let k be (-86)/(-4) - 2/(-4). Let p = k + -11. Let h(v) = 3*v**2 + 75*v - 671. Let x be h(8). What is the greatest common divisor of x and p?
11
Let b be (0 - -2) + (-13 - -47). Let f = -270 - -282. Calculate the highest common divisor of f and b.
12
Let y(m) = -m**3 + 4*m**2 + 195*m + 62. Let a be y(-12). What is the greatest common divisor of 7813 and a?
13
Let d be (-13662)/(-528) - (-2)/16. Calculate the greatest common divisor of 1534 and d.
26
Let q be ((-12)/(-1))/(42/(-308)). Let u be (902/q)/(1/(-4)). What is the highest common factor of u and 123?
41
Let y be -1*(-1 - 0) + 799. Let s = -84873 + 84905. What is the greatest common factor of s and y?
32
Let i(q) = 21 + q + 0*q**3 - 8*q**3 + 15*q + 9*q**3 - 18*q**2. Let a be i(17). Let g be 6*(-22)/a*-2. Calculate the greatest common factor of g and 6.
6
Suppose 31*l = 184*l - 303083 + 27071. Calculate the greatest common divisor of 246 and l.
82
Let s(y) = 3*y - 14. Let t be s(6). Suppose -5*r - 57 = -2*x, 4*x + x - t*r = 100. Suppose 91 = 5*k + x. What is the greatest common divisor of k and 30?
15
Let n = 25 - 20. Suppose -5*r = -2840 + n. Suppose r = -7*h + 2268. What is the highest common divisor of 27 and h?
27
Let q(o) = -o + 1. Let b be q(-3). Suppose 1 - 7 = 2*r, x + b*r = 0. Calculate the highest common factor of 48 and x.
12
Suppose -g - 19 = 15. Suppose 282 = 12*p - 6*p. Let n = g + p. Calculate the highest common